6 and f.
6
Let x = 55 - 39. What is the highest common factor of x and 8?
8
Suppose 3*f = 0, 17 + 15 = w + 5*f. Let p be 3/(-2 - (-67)/w). Let r(q) = 5*q**3 + q**2 + 2*q. Let l be r(2). Calculate the highest common divisor of l and p.
16
Let c = -28 + 25. Let t be -5*(-3)/(-9)*c. Calculate the highest common factor of t and 35.
5
Let b = 11 + -1. Let u(n) = n**2 - 10*n. Let q be u(b). Let w be -3 - -6 - (-30 - q). What is the highest common factor of 22 and w?
11
Let s(u) be the first derivative of -u**4/4 - 7*u**3/3 + u**2/2 + 9*u - 5. Let l be s(-8). What is the highest common factor of 26 and l?
13
Let q be 4 - -1 - (-3 - -6). Suppose 64 + 26 = q*h. Suppose 0 = -2*d - 5*w + 43, d - 4*d - 2*w + 37 = 0. Calculate the highest common factor of h and d.
9
Let i(q) = q**3 - 8*q**2 - q + 9. Let w be i(8). Let l = w + -1. Suppose b + 0*b - 7 = l. What is the greatest common factor of 1 and b?
1
Suppose 7*w - 3*w - 16 = 0. Let n(q) = 13*q**2 - 2*q + 7*q + 0*q - w. Let k be n(3). Calculate the greatest common divisor of k and 16.
16
Let c = 26 - 7. Let p = -6 + c. What is the highest common divisor of 52 and p?
13
Let t(f) = -f**3 - f**2 - f + 2. Let q be t(0). Let b = q - -2. Suppose 0 = 2*h - 5*p - 35, 24 = 4*h - 3*h + 4*p. What is the highest common divisor of b and h?
4
Let t(y) = y**2 - 8*y - 3. Let c be t(12). Calculate the highest common factor of c and 60.
15
Suppose 3*j - 59 = -20. Let h(v) = -4*v - 4 + 14*v + 12*v + 14*v. Let b be h(3). Calculate the greatest common divisor of j and b.
13
Let c be 1/(((-8)/(-6))/4). Suppose -w = -c*w + 28. What is the greatest common divisor of 112 and w?
14
Let u(m) = 2*m + 1. Let k be u(1). Suppose -k*h - 8 = -7*h. Calculate the greatest common factor of 6 and h.
2
Let c = -3 - -1. Let i be (-30)/4 - (-1)/c. Let k(r) = r**3 + 8*r**2 - r - 2. Let z be k(i). Calculate the greatest common factor of z and 6.
6
Suppose -4*t + 360 = 5*t. Calculate the greatest common factor of 20 and t.
20
Let o = -11 - -19. Let w be ((-108)/o)/(3/(-20)). Calculate the greatest common divisor of w and 10.
10
Let b = -16 + 23. What is the highest common divisor of b and 7?
7
Suppose -3*x + 33 = 3. Calculate the greatest common divisor of x and 5.
5
Let k be 63/(5 - 2) - 1. Suppose -9 = -2*f - 1. What is the greatest common factor of f and k?
4
Let x(v) = 2*v**2 + 6. Let l(k) = -k**3 + 4*k**2 + 4*k + 2. Let r be l(5). Let h be x(r). Calculate the greatest common factor of h and 6.
6
Let z(t) = 7*t - 18. Let f be z(5). Calculate the greatest common factor of 1 and f.
1
Let f = -41 + 65. Suppose -4*x + 4*y + 55 = 3, 0 = 2*x - y - 29. Calculate the highest common factor of x and f.
8
Let i be (-1)/(-6) - -1*658/12. Let n be ((-2)/(-5))/(2/10). Suppose 3*k + 16 = n*a - 3, 58 = 5*a + 3*k. Calculate the greatest common divisor of a and i.
11
Suppose -2*t + 54 = t - 4*z, -4*t - 4*z = -100. What is the highest common divisor of t and 33?
11
Suppose t = -7 + 9. Calculate the greatest common factor of t and 2.
2
Let u = -5 + 41. Suppose 12 = 4*o - u. What is the highest common factor of 30 and o?
6
Suppose 2 = 2*w - 6. Suppose -w*z + 189 = z - 2*h, 0 = -2*h + 6. Calculate the greatest common factor of z and 13.
13
Suppose 23 = k + 3*d, -4*k - 3*d + 55 = k. Suppose 17 - 1 = 2*n. What is the greatest common divisor of n and k?
8
Let c be ((5 + 1)/(-2))/(36/(-336)). Calculate the greatest common divisor of c and 42.
14
Let f(m) = m**3 - m**2 + m + 4. Let d be f(0). Calculate the highest common factor of d and 16.
4
Let u = 85 - 78. Calculate the greatest common factor of u and 2.
1
Let f = -45 + 25. Let x(y) = -y + 16. Let k be x(8). Let r be 5/f + 66/k. What is the greatest common factor of r and 4?
4
Suppose 2*k - 3*a - 7 = 0, 6*k - 5*a = 3*k + 10. Suppose -3 = 2*z - k. Calculate the greatest common factor of z and 10.
1
Suppose -46 = -5*j + 229. Suppose 2*l - 10 = 5*f, 10*l - 25 = 5*l - 4*f. Suppose -5*o = -20 - l. Calculate the greatest common factor of o and j.
5
Suppose 4*i = 5*u + 1, 0 = 2*i + u - 3*u. Let t(f) = 4*f**2 - 2*f - 1. Let k be t(i). What is the greatest common factor of 10 and k?
5
Let u(c) = c**2 - 8*c + 18. Let l be u(9). What is the greatest common divisor of l and 6?
3
Let v(z) = z**2 - 18*z + 8. Let d be v(20). Calculate the greatest common divisor of 72 and d.
24
Let w = 6 - 2. Suppose -5*z + 60 = 5*y, 3*y + w*z - 24 = 5*z. Suppose 0*u + 183 = 4*s - u, -2*s = -u - 93. Calculate the greatest common divisor of y and s.
9
Let j(a) = 20*a**2 + a. Let q be j(1). What is the greatest common factor of 168 and q?
21
Let s be (-1908)/20 + 4/10. Let h = 180 + s. What is the highest common divisor of 17 and h?
17
Let o be (-42)/24 + (-1)/4. Let z = 6 + o. Suppose -z*l + 13 = 3*p, -3*l + 5*p = -5*l + 3. Calculate the highest common factor of 6 and l.
2
Suppose -13 - 7 = 5*s. Let d be s/6 + 82/6. Let r be 10*(-2 + 15)*(-2)/(-5). Calculate the highest common factor of d and r.
13
Suppose -4*p + 37 = k, -5*k + 3*p = -3*k - 52. What is the greatest common factor of 116 and k?
29
Let u = -171 + 197. Let r = -23 + 62. Calculate the highest common divisor of u and r.
13
Let q = 2 + 1. Suppose 16 = 2*i - q*p, -i + 10 = -p - p. Suppose i*o - 66 = -o. Calculate the greatest common factor of 33 and o.
11
Suppose -28*c = -22*c - 168. Calculate the highest common factor of 42 and c.
14
Let s(b) = b**2 - 14*b + 15. Let j be s(13). Suppose -3*t = -5*t - 5*d + 46, 2*d + 18 = j*t. Calculate the greatest common factor of 13 and t.
13
Let b be ((-4)/5)/((-2)/110). Let p = -7 - -9. Suppose 6*i - p*i - 16 = 0. Calculate the highest common divisor of i and b.
4
Let y = 3 + 1. Suppose -20 = -y*k, -4*w + 3*k = -2*k + 49. Let j be (-4)/w - 524/(-6). Calculate the highest common factor of j and 11.
11
Suppose -o + 78 = 2*o + 2*f, 4*o = -4*f + 100. Suppose 0 = -14*n + 20 + 36. Calculate the highest common divisor of o and n.
4
Let o(v) = -4*v - 15. Let x be o(-8). Calculate the highest common factor of x and 85.
17
Let m = 6 - 4. Suppose 0 = m*z - 23 + 1. What is the highest common divisor of 55 and z?
11
Let p = -17 + 38. Calculate the highest common factor of 14 and p.
7
Suppose 2*b - 18 + 4 = 0. Let h(u) = u**2 - 7*u + 6. Let w be h(b). What is the greatest common factor of w and 2?
2
Suppose 2*w = -2*w + 96. Let f be 177/18 - (-4)/w. What is the greatest common divisor of f and 30?
10
Let t be -28 + -2 + (-1)/(-1). Let v = t + 48. Suppose 0 = -6*l - 118 + 688. What is the greatest common factor of l and v?
19
Suppose a + 213 = 4*w, 5*w + 2*a = -0*a + 250. Suppose -113 = -3*y + w. What is the greatest common factor of y and 5?
5
Let f be -4*((-15)/6 + 3). Let d = 5 + f. Let u(b) = b**3 + 3*b**2 - 4*b + 1. Let c be u(-4). Calculate the greatest common factor of d and c.
1
Suppose 311 = 5*o - 4. What is the highest common divisor of 7 and o?
7
Let g be (-213)/(-18) + 2/12. Calculate the highest common divisor of 4 and g.
4
Suppose r - 3 = 2*f, 4*f + 1 + 7 = 4*r. Let w be (210/28)/(f/(-2)). What is the highest common divisor of 10 and w?
5
Let q(b) = 85*b - 1. Let r be q(1). What is the greatest common divisor of r and 14?
14
Let j(n) = 3*n**2 - 4*n - 6. Let c be j(-3). What is the highest common divisor of 22 and c?
11
Suppose 257 = 3*y + 5*g, y - g - 56 - 27 = 0. Calculate the highest common divisor of 12 and y.
12
Let s = -41 - -153. What is the highest common factor of s and 14?
14
Let b be 2/(-2) - -1 - -14. Let a(y) be the second derivative of y**4/4 + y**3/6 + 2*y**2 - 3*y. Let o be a(-3). What is the highest common divisor of o and b?
14
Let o(j) = -j**3 + 3*j - 2. Let w be o(-2). Suppose w*i = -i + 6. Suppose -2*t + 4 = -0*t. Calculate the greatest common divisor of t and i.
2
Let v be 1 + (-1 - (2 + -2)). Let c be (v - -2)*3 + 2. Suppose 2*n - 4*i - 24 = 0, -72 = -5*n + n - 4*i. What is the greatest common divisor of n and c?
8
Suppose 7*o = o + 66. Calculate the highest common factor of o and 22.
11
Let k(n) = 83*n**2. Let g be k(-1). Suppose 0 = r - 4*i + 21, -i = -r - 30 - 6. Let j = r + g. Calculate the greatest common factor of 28 and j.
14
Let f = 67 - 57. Let k(s) = 12*s + 1. Let u be k(2). Calculate the highest common divisor of f and u.
5
Let m(w) = -w**3 - 16*w**2 - 2*w - 4. Let k be m(-16). What is the greatest common factor of 7